Suppose 4*k + 3*c = 21 - 6, -5*k = -c + 5. Suppose k = 6*m - 3*m - 48. Suppose 0 = -t + m + 14. Calculate the highest common divisor of t and 20.
10
Let h = 12454 + -9966. Calculate the highest common factor of h and 32.
8
Let t(b) = b**2 - 459*b + 39287. Let j be t(113). Let s = -5 + 11. Suppose 3*o - 5*l = 63, 0 = -s*l + l. Calculate the highest common divisor of j and o.
21
Let c = -165 + 172. Suppose c*l - 8*l - p = -33, -2*l - 5*p + 72 = 0. Calculate the greatest common factor of l and 341.
31
Let h = 9957 + -9460. Calculate the highest common factor of h and 7.
7
Let j = -1437 - -1446. Let y = -14 - -46. Let k = y + -26. What is the highest common divisor of j and k?
3
Suppose -64*f + 34079 = -2*f - 77893. Calculate the highest common divisor of f and 42.
42
Let m be 2/(-4) - 2/(-4). Let h = m + 4. Let r(i) = i**3 + 175*i**2 - 11*i - 1921. Let v be r(-175). What is the greatest common divisor of v and h?
4
Let q be -13 + 51 + (-3 - -8)*7/7. Calculate the highest common factor of 68671 and q.
43
Let q = -2164 - -2256. Suppose -64 = -4*u + 176. Let c = q - u. What is the greatest common factor of 4 and c?
4
Let v(m) be the second derivative of -15*m - 3/20*m**5 - 1/3*m**3 - 3*m**2 + 0 - 1/4*m**4. Let l be v(-3). Calculate the greatest common factor of l and 6.
6
Let f be -2 + 5 + (0 - 0). Suppose 0 = f*w + 20*w - 690. What is the greatest common divisor of w and 18?
6
Let h = 15893 + -15890. Calculate the highest common divisor of h and 29.
1
Suppose 4 = -4*s + 228. Let a be (8/(-18))/(38/(-171)). Suppose 4*k - s = -5*m, a*k + 2*m - 28 = 7*m. What is the greatest common divisor of k and 154?
14
Let j(a) = -a**2 + 15*a - 28. Let c be j(7). Let y be -7 + (95/5 - 6). Calculate the highest common divisor of y and c.
2
Suppose -5*l - 11*m + 16*m = -310, 2*l = -4*m + 106. Calculate the highest common factor of 8024 and l.
59
Suppose -278*t + 832 = -265*t. Let h(j) = -22*j - 16. Let r be h(-8). Calculate the greatest common factor of r and t.
32
Suppose -256 = -3*v - m, -122*v + 118*v - 3*m = -333. What is the greatest common factor of v and 19923?
87
Suppose 2*b + 3*w = b + 23, 0 = 4*b - 5*w - 75. Let g = 56 - b. Let j be (10/85)/(15/510). What is the greatest common divisor of g and j?
4
Suppose -u - 3*u - 636 = -2*f, -u + 611 = 2*f. Let t = f + -30. Suppose -2*x + a + a + t = 0, -x + 131 = a. What is the highest common factor of x and 54?
27
Let t = -25 - -28. Suppose 2*m + 4*j = -12, -2*j = 4*m - j + t. Suppose p + x - 84 = -3*p, m = 2*p - 2*x - 52. What is the highest common factor of 33 and p?
11
Let n = -12 + 15. Let w(x) = 2*x + 4. Let q be w(n). Let k be -8*(-9)/(-72) + (-51)/(3/(-3)). What is the greatest common divisor of q and k?
10
Suppose 496*q = 425*q + 26696. What is the highest common factor of q and 312?
8
Let y(b) = 354*b + 2470. Let g be y(-6). Calculate the greatest common divisor of 28891 and g.
173
Let l(b) = 93*b**2 + 10*b + 12. Let d be l(-1). Suppose 5*h = g + 760, h + 3*g = d + 73. What is the highest common divisor of h and 17?
17
Let q be (-6 + 5 + 0)*0*-1. Suppose -2446 = -4*z - 2*j, q*z + 4*j = -3*z + 1832. What is the greatest common factor of z and 68?
68
Suppose 4*g + 4*g = 40. Suppose -g*r = -2*r - 6. Suppose 4*v - 37 = -3*b, 4*b + 52 = 5*v + r*b. What is the greatest common factor of v and 40?
10
Let p be -1 - (2 + (1 - 94)). Let y = -14969 - -16499. Calculate the highest common factor of y and p.
90
Let c be (-118 + 223)*(-7)/(-5). What is the greatest common factor of 357 and c?
21
Let i = 2860 + -2320. Calculate the greatest common factor of i and 81.
27
Let y(w) = 3*w**3 - w**2 + 4*w. Let a be y(3). Let c = 5374 + -5362. What is the greatest common divisor of c and a?
12
Let i be (-30390)/(-2) + 77/(-231) + 28/(-6). What is the highest common divisor of 310 and i?
310
Let i(j) = -j**2 + 14*j - 41. Suppose -225 = -53*z + 252. Let f be i(z). What is the greatest common divisor of 7 and f?
1
Suppose -21*j + 3246 = -429. Calculate the highest common divisor of 63 and j.
7
Let z = 857 - 566. Suppose 0 = z*i - 280*i - 286. What is the highest common divisor of 1066 and i?
26
Let l = -14292 + 14973. What is the highest common divisor of 11350 and l?
227
Let r be (-7)/(1 + -2) + 5524516/628. Calculate the greatest common divisor of r and 71.
71
Let j(t) = -43*t**2 + 17*t - 2. Let p(a) = 44*a**2 - 18*a + 1. Let h(b) = -5*j(b) - 4*p(b). Let f be h(-4). Calculate the highest common factor of 62 and f.
62
Let k(v) = v - 4. Let c be k(3). Let o = c - -6. Suppose 0 = -2*j + 3 + o. What is the greatest common factor of 4 and j?
4
Suppose 5*f = 145 + 130. Let m = f - 30. What is the greatest common divisor of 10 and m?
5
Let l be 1 - (-6 - -22)*-1. Let b be 136 - (-1 + -2 + 1). Let a = b - l. What is the highest common factor of a and 11?
11
Suppose -18 = -5*z + 12. Suppose -z*b = -10 - 188. Suppose -126 = b*p - 36*p. What is the highest common divisor of 14 and p?
14
Let x(u) = 126*u + 90. Let s be x(9). Suppose s = -5*t + 39*t. What is the greatest common divisor of 9 and t?
9
Let v(t) = t**2 + 8*t - 82. Let w be v(-15). Let r be 92*-2*(0 + -1). Calculate the highest common factor of r and w.
23
Suppose -1866 = -4*h - 22. Suppose -3*t - 4*s = s - 511, 3*t - 5*s - h = 0. Calculate the greatest common divisor of 18 and t.
18
Let j(f) = 119 - 7*f - 17*f + 135 + f**2 - 56. Let m be j(8). Calculate the highest common factor of 80 and m.
10
Suppose -2*y + 0*y - 113 = 5*w, -3*y - 96 = 4*w. Let m = 23 + w. Suppose 5*b + d = 57, -4 = -0*d - m*d. What is the greatest common factor of b and 22?
11
Let s = -353 - -358. Suppose 0 = -c - s*t, 7*t + 68 = 4*c + 10*t. What is the highest common factor of c and 220?
20
Let b = 40 - 27. Suppose f + b = 104. Let d = -522 + 535. What is the greatest common factor of d and f?
13
Suppose 19 = 2*a - 25. Let k(h) = 376*h**2 + 1216*h + 14. Let x be k(-4). What is the greatest common factor of x and a?
22
Let o(l) = -4*l**2 + 60*l - 49. Let i be o(14). Let d = -15 + 18. What is the greatest common factor of i and d?
1
Let o(r) = -2*r**2 + 37*r - 30. Let b be o(12). Suppose g - 3*j = 33, -12 = j - 5*j. Calculate the greatest common factor of g and b.
42
Let j be 78991/(-835)*(-4 + -1). What is the highest common factor of 198 and j?
11
Let h be 120/4 - 2 - (-5 - -1). Let o be (-31 - 0)*(4 - 5). Suppose o*k - h*k + 8 = 0. What is the highest common divisor of k and 72?
8
Let j(y) = -y**3 - 7*y**2 - 10*y. Let w be j(-5). Suppose 2*v + 0*b - 4*b - 278 = w, -5*b = 2*v - 287. What is the greatest common factor of 94 and v?
47
Let l(o) = -o**3 - 8*o**2 + 2*o + 31. Suppose 21 - 93 = 9*f. Let j be l(f). What is the highest common divisor of j and 55?
5
Let j be (1 + 1/5)/(208/1193400). What is the greatest common factor of 153 and j?
153
Let a(b) = -b**2 - 62*b - 892. Let v be a(-32). Let s be (2 - 1) + (8 - -161). What is the greatest common divisor of v and s?
34
Suppose -x + 2*x - 120 = -5*q, -3*x = 15. Let m(b) = -22*b**2 + 35*b + 157. Let h be m(-6). Let g = h + 855. Calculate the highest common divisor of q and g.
5
Suppose 0*m + 48 = 3*m. Let s(c) = c**2 - 15*c - 11. Let n be s(m). Let v(f) = 6*f - 20. Let h be v(10). Calculate the greatest common divisor of h and n.
5
Let m(a) = a**3 - 14*a**2 + 9*a + 57. Let d be m(13). Suppose 3*l - 4*j - 46 = 0, -j + 46 + 0 = d*l. What is the greatest common factor of l and 46?
2
Let z be -4*(-544)/24*42/16. Let d = 214 + -172. Calculate the greatest common factor of z and d.
14
Let y be (36/(-7))/((-3)/21). What is the greatest common divisor of y and 1380?
12
Let c(x) = -x**3 - 2*x**2 + 16*x + 3. Let h = -34 - -28. Let m be c(h). What is the greatest common divisor of m and 153?
51
Let f be (-468)/8 + (2 - (-35)/(-10)). Let y be (-80)/(-3)*(-450)/f. What is the highest common divisor of y and 8?
8
Let m be ((-96)/336)/((-1)/49). Let g(k) = 83*k**2 - 7*k + 16. Let u be g(3). Calculate the highest common factor of u and m.
14
Let c(s) = -s**3 - 10*s**2 - 12*s - 7. Let v be c(-5). Let t be (-16)/v - (-64)/36. Calculate the highest common factor of t and 162.
2
Let z(v) = 76*v**3 - 35*v**2 - 5*v - 2. Let u be z(2). What is the highest common divisor of u and 60?
12
Suppose 6*b + 4*y + 168 = 10*b, 3 = y. Let u be 1308/48 + (-3 - b/(-12)). Calculate the highest